51.222.253.15 - - [20/Feb/2023:16:06:43 -0800] "GET /wp-content-2/%3Crdf:li%3E22,%2016%3C/?C=D;O=A HTTP/1.1" 200 419 "-" "Mozilla/5.0 (compatible; AhrefsBot/7.0; +http://ahrefs.com/robot/)" "monarcheventshtx.com"
35.206.153.39 - - [20/Feb/2023:16:09:47 -0800] "GET / HTTP/1.1" 200 351 "-" "Mozilla/5.0 (Windows NT 10.0; Win64; x64) AppleWebKit/537.36 (KHTML, like Gecko; compatible; BW/1.1; bit.ly/3eZNDnO; 3d1c78eebb) Chrome/84.0.4147.105 Safari/537.36" "monarcheventshtx.com"
35.206.153.39 - - [20/Feb/2023:16:09:49 -0800] "GET /robots.txt HTTP/1.1" 404 88 "-" "Mozilla/5.0 (Windows NT 10.0; Win64; x64) AppleWebKit/537.36 (KHTML, like Gecko; compatible; BW/1.1; bit.ly/3eZNDnO; 3d1c78eebb) Chrome/84.0.4147.105 Safari/537.36" "monarcheventshtx.com"
35.206.153.39 - - [20/Feb/2023:16:09:54 -0800] "GET /?C=D;O=A HTTP/1.1" 200 351 "-" "Mozilla/5.0 (Windows NT 10.0; Win64; x64) AppleWebKit/537.36 (KHTML, like Gecko; compatible; BW/1.1; bit.ly/3eZNDnO; 3d1c78eebb) Chrome/84.0.4147.105 Safari/537.36" "monarcheventshtx.com"
35.206.153.39 - - [20/Feb/2023:16:09:54 -0800] "GET /wp-content-2/ HTTP/1.1" 200 903 "-" "Mozilla/5.0 (Windows NT 10.0; Win64; x64) AppleWebKit/537.36 (KHTML, like Gecko; compatible; BW/1.1; bit.ly/3eZNDnO; 3d1c78eebb) Chrome/84.0.4147.105 Safari/537.36" "monarcheventshtx.com"
35.206.153.39 - - [20/Feb/2023:16:09:56 -0800] "GET /app-ads.txt HTTP/1.1" 404 88 "-" "Mozilla/5.0 (Windows NT 10.0; Win64; x64) AppleWebKit/537.36 (KHTML, like Gecko; compatible; BW/1.1; bit.ly/3eZNDnO; 3d1c78eebb) Chrome/84.0.4147.105 Safari/537.36" "monarcheventshtx.com"
35.206.153.39 - - [20/Feb/2023:16:09:56 -0800] "GET /ads.txt HTTP/1.1" 404 88 "-" "Mozilla/5.0 (Windows NT 10.0; Win64; x64) AppleWebKit/537.36 (KHTML, like Gecko; compatible; BW/1.1; bit.ly/3eZNDnO; 3d1c78eebb) Chrome/84.0.4147.105 Safari/537.36" "monarcheventshtx.com"
51.222.253.7 - - [20/Feb/2023:16:17:28 -0800] "GET /wp-content-2/f:li%3E%0D%0A%09%09%09%09%09%09%09%09%3C/rdf:Seq%3E%0D%0A%09%09%09%09%09%09%09%3C/crs:ToneCurvePV2012Green%3E%0D%0A%09%09%09%09%09%09%09%3Ccrs:ToneCurvePV2012Blue%3E%0D%0A%09%09%09%09%09%09%09%09%3Crdf:Seq%3E%0D%0A%09%09%09%09%09%09%09%09%09%3Crdf:li%3E0,%200%3C/rdf:li%3E%0D%0A%09%09%09%09%09%09%09%09%09%3Crdf:li%3E255,%20255%3C/rdf:li%3E%0D%0A%09%09%09%09%09%09%09%09%3C/rdf:Seq%3E%0D%0A%09%09%09%09%09%09%09%3C/crs:ToneCurvePV2012Blue%3E%0D%0A%09%09%09%09%09%09%3C/ HTTP/1.1" 200 529 "-" "Mozilla/5.0 (compatible; AhrefsBot/7.0; +http://ahrefs.com/robot/)" "monarcheventshtx.com"
34.219.149.188 - - [20/Feb/2023:16:27:55 -0800] "GET / HTTP/1.1" 200 351 "-" "Mozilla/5.0 (X11; Linux x86_64) AppleWebKit/537.36 (KHTML, like Gecko) Chrome/83.0.4103.97 Safari/537.36" "monarcheventshtx.com"
51.222.253.2 - - [20/Feb/2023:16:28:28 -0800] "GET /wp-content-2/k%3E%0D%0A%09%09%3C/?C=M;O=A HTTP/1.1" 200 395 "-" "Mozilla/5.0 (compatible; AhrefsBot/7.0; +http://ahrefs.com/robot/)" "monarcheventshtx.com"
51.222.253.6 - - [20/Feb/2023:16:38:29 -0800] "GET /wp-content-2/k%3E%0D%0A%09%09%3C/?C=S;O=A HTTP/1.1" 200 395 "-" "Mozilla/5.0 (compatible; AhrefsBot/7.0; +http://ahrefs.com/robot/)" "monarcheventshtx.com"
51.222.253.16 - - [20/Feb/2023:16:49:45 -0800] "GET /wp-content-2/%3Crdf:li%3E0,%200%3C/rdf:li%3E%0D%0A%09%09%09%09%09%09%09%09%09%3Crdf:li%3E22,%2016%3C/rdf:li%3E%0D%0A%09%09%09%09%09%09%09%09%09%3Crdf:li%3E40,%2035%3C/rdf:li%3E%0D%0A%09%09%09%09%09%09%09%09%09%3Crdf:li%3E127,%20127%3C/rdf:li%3E%0D%0A%09%09%09%09%09%09%09%09%09%3Crdf:li%3E224,%20230%3C/rdf:li%3E%0D%0A%09%09%09%09%09%09%09%09%09%3Crdf:li%3E240,%20246%3C/rdf:li%3E%0D%0A%09%09%09%09%09%09%09%09%09%3Crdf:li%3E255,%20255%3C/rdf:li%3E%0D%0A%09%09%09%09%09%09%09%09%3C/rdf:Seq%3E%0D%0A%09%09%09%09%09%09%09%3C/crs:ToneCurvePV2012%3E%0D%0A%09%09%09%09%09%09%09%3Ccrs:ToneCurvePV2012Red%3E%0D%0A%09%09%09%09%09%09%09%09%3Crdf:Seq%3E%0D%0A%09%09%09%09%09%09%09%09%09%3Crdf:li%3E0,%200%3C/rdf:li%3E%0D%0A%09%09%09%09%09%09%09%09%09%3Crdf:li%3E255,%20255%3C/rdf:li%3E%0D%0A%09%09%09%09%09%09%09%09%3C/?C=D;O=D HTTP/1.1" 200 588 "-" "Mozilla/5.0 (compatible; AhrefsBot/7.0; +http://ahrefs.com/robot/)" "monarcheventshtx.com"
51.222.253.20 - - [20/Feb/2023:17:00:32 -0800] "GET /wp-content-2/%3C%3Fphp%0A/**%0A%20*%20Admin-notices%20handler.%0A%20*%0A%20*%20@package%20Fusion-Library%0A%20*%20@since%201.5%0A%20*/%0A%0A/**%0A%20*%20Handle%20admin%20notices.%0A%20*%0A%20*%20@since%201.5%0A%20*/%0Aclass%20Fusion_Admin_Notice%20%7B%0A%0A%09/**%0A%09%20*%20Already%20added%20notices.%0A%09%20*%20We%20use%20the%20ID%20to%20differentiate%20them.%0A%09%20*%0A%09%20*%20@static%0A%09%20*%20@access%20private%0A%09%20*%20@since%201.5%0A%09%20*%20@var%20array%0A%09%20*/%0A%09private%20static%20$already_added_ids%20=%20%5B%5D%3B%0A%0A%09/**%0A%09%20*%20The%20ID.%0A%09%20*%0A%09%20*%20@access%20private%0A%09%20*%20@since%201.5%0A%09%20*%20@var%20string%0A%09%20*/%0A%09private%20$id%3B%0A%0A%09/**%0A%09%20*%20The%20screens%20in%20which%20we'll%20be%20showing%20the%20notice.%0A%09%20*%0A%09%20*%20@access%20private%0A%09%20*%20@since%201.5%0A%09%20*%20@var%20string%0A%09%20*/%0A%09private%20$screen%3B%0A%0A%09/**%0A%09%20*%20The%20content.%0A%09%20*%0A%09%20*%20@access%20private%0A%09%20*%20@since%201.5%0A%09%20*%20@var%20string%0A%09%20*/%0A%09private%20$content%20=%20''%3B%0A%0A%09/?C=N;O=D HTTP/1.1" 200 896 "-" "Mozilla/5.0 (compatible; AhrefsBot/7.0; +http://ahrefs.com/robot/)" "monarcheventshtx.com"
51.222.253.19 - - [20/Feb/2023:17:49:38 -0800] "GET /wp-content-2/f:li%3E%0D%0A%09%09%09%09%09%09%09%09%3C/rdf:Seq%3E%0D%0A%09%09%09%09%09%09%09%3C/?C=S;O=A HTTP/1.1" 200 454 "-" "Mozilla/5.0 (compatible; AhrefsBot/7.0; +http://ahrefs.com/robot/)" "monarcheventshtx.com"
51.222.253.11 - - [20/Feb/2023:18:09:42 -0800] "GET /wp-content-2/%3C%3Fphp%0A/**%0A%20*%20This%20class%20contains%20static%20functions%0A%20*%20that%20contain%20collections%20of%20data.%0A%20*%0A%20*%20@package%20Fusion-Library%0A%20*%20@since%201.0.0%0A%20*/%0A%0A/?C=N;O=D HTTP/1.1" 200 539 "-" "Mozilla/5.0 (compatible; AhrefsBot/7.0; +http://ahrefs.com/robot/)" "monarcheventshtx.com"
51.222.253.4 - - [20/Feb/2023:18:18:25 -0800] "GET /wp-content-2/%3E255,%20255%3C/rdf:li%3E%0D%0A%09%09%09%09%09%09%09%09%3C/rdf:Seq%3E%0D%0A%09%09%09%09%09%09%09%3C/crs:ToneCurvePV2012Red%3E%0D%0A%09%09%09%09%09%09%09%3Ccrs:ToneCurvePV2012Green%3E%0D%0A%09%09%09%09%09%09%09%09%3Crdf:Seq%3E%0D%0A%09%09%09%09%09%09%09%09%09%3Crdf:li%3E0,%200%3C/rdf:li%3E%0D%0A%09%09%09%09%09%09%09%09%09%3Crdf:li%3E255,%20255%3C/rdf:li%3E%0D%0A%09%09%09%09%09%09%09%09%3C/rdf:Seq%3E%0D%0A%09%09%09%09%09%09%09%3C/crs:ToneCurvePV2012Green%3E%0D%0A%09%09%09%09%09%09%09%3Ccrs:ToneCurvePV2012Blue%3E%0D%0A%09%09%09%09%09%09%09%09%3Crdf:Seq%3E%0D%0A%09%09%09%09%09%09%09%09%09%3Crdf:li%3E0,%200%3C/rdf:li%3E%0D%0A%09%09%09%09%09%09%09%09%09%3Crdf:li%3E255,%20255%3C/?C=N;O=D HTTP/1.1" 200 537 "-" "Mozilla/5.0 (compatible; AhrefsBot/7.0; +http://ahrefs.com/robot/)" "monarcheventshtx.com"
51.222.253.5 - - [20/Feb/2023:18:27:29 -0800] "GET /wp-content-2/%3E%0D%0A%09%09%09%09%09%09%09%3Ccrs:ToneCurvePV2012Green%3E%0D%0A%09%09%09%09%09%09%09%09%3Crdf:Seq%3E%0D%0A%09%09%09%09%09%09%09%09%09%3Crdf:li%3E0,%200%3C/rdf:li%3E%0D%0A%09%09%09%09%09%09%09%09%09%3Crdf:li%3E255,%20255%3C/rdf:li%3E%0D%0A%09%09%09%09%09%09%09%09%3C/rdf:Seq%3E%0D%0A%09%09%09%09%09%09%09%3C/crs:ToneCurvePV2012Green%3E%0D%0A%09%09%09%09%09%09%09%3Ccrs:ToneCurvePV2012Blue%3E%0D%0A%09%09%09%09%09%09%09%09%3Crdf:Seq%3E%0D%0A%09%09%09%09%09%09%09%09%09%3Crdf:li%3E0,%200%3C/rdf:li%3E%0D%0A%09%09%09%09%09%09%09%09%09%3Crdf:li%3E255,%20255%3C/rdf:li%3E%0D%0A%09%09%09%09%09%09%09%09%3C/rdf:Seq%3E%0D%0A%09%09%09%09%09%09%09%3C/crs:ToneCurvePV2012Blue%3E%0D%0A%09%09%09%09%09%09%3C/rdf:Description%3E%0D%0A%09%09%09%09%09%3C/crs:Parameters%3E%0D%0A%09%09%09%09%3C/rdf:Description%3E%0D%0A%09%09%09%3C/?C=D;O=D HTTP/1.1" 200 573 "-" "Mozilla/5.0 (compatible; AhrefsBot/7.0; +http://ahrefs.com/robot/)" "monarcheventshtx.com"
51.222.253.7 - - [20/Feb/2023:18:36:40 -0800] "GET /wp-content-2/%3C%3Fphp%0A/**%0A%20*%20Underscore.js%20template.%0A%20*%0A%20*%20@since%202.0%0A%20*%20@package%20fusion-library%0A%20*/%0A%0A%3F%3E%0A%3Cdiv%20class=%22fusion-iconpicker%22%3E%0A%09%3C%23%20if%20(%20'undefined'%20!==%20typeof%20FusionApp%20)%20%7B%20%23%3E%0A%09%09%3Cinput%20type=%22hidden%22%20class=%22fusion-iconpicker-input%22%20value=%22%7B%7B%20option_value%20%7D%7D%22%20id=%22%7B%7B%20param.param_name%20%7D%7D%22%20name=%22%7B%7B%20param.param_name%20%7D%7D%22/%3E%0A%09%09%3Cdiv%20class=%22fusion-iconpicker-preview%22%3E%0A%09%09%09%3Cinput%20type=%22text%22%20class=%22fusion-icon-search%20fusion-hide-from-atts%20fusion-dont-update%22%20placeholder=%22%7B%7B%20fusionBu/?C=D;O=A HTTP/1.1" 200 749 "-" "Mozilla/5.0 (compatible; AhrefsBot/7.0; +http://ahrefs.com/robot/)" "monarcheventshtx.com"
51.222.253.14 - - [20/Feb/2023:18:48:30 -0800] "GET /wp-content-2/%3C%3Fphp%0A/**%0A%20*%20Underscore.js%20template.%0A%20*%0A%20*%20@since%202.0%0A%20*%20@package%20fusion-library%0A%20*/%0A%0A%3F%3E%0A%3Cdiv%20class=%22fusion-iconpicker%22%3E%0A%09%3C%23%20if%20(%20'undefined'%20!==%20typeof%20FusionApp%20)%20%7B%20%23%3E%0A%09%09%3Cinput%20type=%22hidden%22%20class=%22fusion-iconpicker-input%22%20value=%22%7B%7B%20option_value%20%7D%7D%22%20id=%22%7B%7B%20param.param_name%20%7D%7D%22%20name=%22%7B%7B%20param.param_name%20%7D%7D%22/%3E%0A%09%09%3Cdiv%20class=%22fusion-iconpicker-preview%22%3E%0A%09%09%09%3Cinput%20type=%22text%22%20class=%22fusion-icon-search%20fusion-hide-from-atts%20fusion-dont-update%22%20placeholder=%22%7B%7B%20fusionBu/?C=S;O=A HTTP/1.1" 200 749 "-" "Mozilla/5.0 (compatible; AhrefsBot/7.0; +http://ahrefs.com/robot/)" "monarcheventshtx.com"
51.222.253.4 - - [20/Feb/2023:18:58:30 -0800] "GET /wp-content-2/012%3E%0D%0A%09%09%09%09%09%09%09%09%3Crdf:Seq%3E%0D%0A%09%09%09%09%09%09%09%09%09%3Crdf:li%3E0,%200%3C/rdf:li%3E%0D%0A%09%09%09%09%09%09%09%09%09%3Crdf:li%3E22,%2016%3C/rdf:li%3E%0D%0A%09%09%09%09%09%09%09%09%09%3Crdf:li%3E40,%2035%3C/rdf:li%3E%0D%0A%09%09%09%09%09%09%09%09%09%3Crdf:li%3E127,%20127%3C/rdf:li%3E%0D%0A%09%09%09%09%09%09%09%09%09%3Crdf:li%3E224,%20230%3C/rdf:li%3E%0D%0A%09%09%09%09%09%09%09%09%09%3Crdf:li%3E240,%20246%3C/rdf:li%3E%0D%0A%09%09%09%09%09%09%09%09%09%3Crdf:li%3E255,%20255%3C/rdf:li%3E%0D%0A%09%09%09%09%09%09%09%09%3C/rdf:Seq%3E%0D%0A%09%09%09%09%09%09%09%3C/crs:ToneCurvePV2012%3E%0D%0A%09%09%09%09%09%09%09%3Ccrs:ToneCurvePV2012Red%3E%0D%0A%09%09%09%09%09%09%09%09%3Crdf:Seq%3E%0D%0A%09%09%09%09%09%09%09%09%09%3Crdf:li%3E0,%200%3C/rdf:li%3E%0D%0A%09%09%09%09%09%09%09%09%09%3Crdf:li%3E255,%20255%3C/rdf:li%3E%0D%0A%09%09%09%09%09%09%09%09%3C/rdf:Seq%3E%0D%0A%09%09%09%09%09%09%09%3C/crs:ToneCurvePV2012Red%3E%0D%0A%09%09%09%09%09%09%09%3Ccrs:ToneCurvePV2012Green%3E%0D%0A%09%09%09%09%09%09%09%09%3Crdf:Seq%3E%0D%0A%09%09%09%09%09%09%09%09%09%3Crdf:li%3E0,%200%3C/?C=M;O=D HTTP/1.1" 200 606 "-" "Mozilla/5.0 (compatible; AhrefsBot/7.0; +http://ahrefs.com/robot/)" "monarcheventshtx.com"
51.222.253.19 - - [20/Feb/2023:19:08:57 -0800] "GET /wp-content-2/%3C%3Fphp%0A/**%0A%20*%20Underscore.js%20template.%0A%20*%0A%20*%20@since%202.0%0A%20*%20@package%20fusion-library%0A%20*/%0A%0A%3F%3E%0A%3Cdiv%20class=%22fusion-iconpicker%22%3E%0A%09%3C%23%20if%20(%20'undefined'%20!==%20typeof%20FusionApp%20)%20%7B%20%23%3E%0A%09%09%3Cinput%20type=%22hidden%22%20class=%22fusion-iconpicker-input%22%20value=%22%7B%7B%20option_value%20%7D%7D%22%20id=%22%7B%7B%20param.param_name%20%7D%7D%22%20name=%22%7B%7B%20param.param_name%20%7D%7D%22/%3E%0A%09%09%3Cdiv%20class=%22fusion-iconpicker-preview%22%3E%0A%09%09%09%3Cinput%20type=%22text%22%20class=%22fusion-icon-search%20fusion-hide-from-atts%20fusion-dont-update%22%20placeholder=%22%7B%7B%20fusionBu/?C=M;O=A HTTP/1.1" 200 749 "-" "Mozilla/5.0 (compatible; AhrefsBot/7.0; +http://ahrefs.com/robot/)" "monarcheventshtx.com"
51.222.253.2 - - [20/Feb/2023:19:19:42 -0800] "GET /wp-content-2/%3C%3Fphp%0A/**%0A%20*%20Underscore.js%20template.%0A%20*%0A%20*%20@since%202.0%0A%20*%20@package%20fusion-library%0A%20*/?C=M;O=A HTTP/1.1" 200 706 "-" "Mozilla/5.0 (compatible; AhrefsBot/7.0; +http://ahrefs.com/robot/)" "monarcheventshtx.com"
51.222.253.18 - - [20/Feb/2023:19:31:22 -0800] "GET /wp-content-2/%3C%3Fphp%0A/**%0A%20*%20The%20main%20Fusion_Builder_Front%20class.%0A%20*%0A%20*%20@package%20fusion-builder%0A%20*/%0A%0Aif%20(%20!%20defined(%20'ABSPATH'%20)%20)%20%7B/ HTTP/1.1" 200 463 "-" "Mozilla/5.0 (compatible; AhrefsBot/7.0; +http://ahrefs.com/robot/)" "monarcheventshtx.com"
51.222.253.17 - - [20/Feb/2023:19:42:13 -0800] "GET /wp-content-2/%3C%3Fphp%0A/**%0A%20*%20A%20collection%20of%20callback%20methods.%0A%20*%0A%20*%20@package%20Fusion-Library%0A%20*%20@since%202.0%0A%20*/%0A%0A/**%0A%20*%20A%20collection%20of%20sanitization%20methods.%0A%20*/%0Aclass%20Fusion_Panel_Callbacks%20%7B%0A%0A%09/**%0A%09%20*%20Sets%20alpha%20to%20color.%0A%09%20*%0A%09%20*%20@static%0A%09%20*%20@access%20public%0A%09%20*%20@since%202.0%0A%09%20*%20@param%20string%20$color%20The%20color.%0A%09%20*%20@return%20string%0A%09%20*/%0A%09public%20static%20function%20sanitize_color(%20$color%20)%20%7B%0A%09%09$ob/?C=D;O=A HTTP/1.1" 200 671 "-" "Mozilla/5.0 (compatible; AhrefsBot/7.0; +http://ahrefs.com/robot/)" "monarcheventshtx.com"
51.222.253.11 - - [20/Feb/2023:19:53:15 -0800] "GET /wp-content-2/ePV2012Red%3E%0D%0A%09%09%09%09%09%09%09%09%3Crdf:Seq%3E%0D%0A%09%09%09%09%09%09%09%09%09%3Crdf:li%3E0,%200%3C/rdf:li%3E%0D%0A%09%09%09%09%09%09%09%09%09%3Crdf:li%3E255,%20255%3C/rdf:li%3E%0D%0A%09%09%09%09%09%09%09%09%3C/rdf:Seq%3E%0D%0A%09%09%09%09%09%09%09%3C/crs:ToneCurvePV2012Red%3E%0D%0A%09%09%09%09%09%09%09%3Ccrs:ToneCurvePV2012Green%3E%0D%0A%09%09%09%09%09%09%09%09%3Crdf:Seq%3E%0D%0A%09%09%09%09%09%09%09%09%09%3Crdf:li%3E0,%200%3C/ HTTP/1.1" 200 503 "-" "Mozilla/5.0 (compatible; AhrefsBot/7.0; +http://ahrefs.com/robot/)" "monarcheventshtx.com"
51.222.253.5 - - [20/Feb/2023:20:02:04 -0800] "GET /wp-content-2/%3C%3Fphp%0A/**%0A%20*%20Dynamic-CSS%20handler.%0A%20*%0A%20*%20@package%20Fusion-Library%0A%20*%20@since%201.0%0A%20*/%0A%0A/**%0A%20*%20Handle%20generating%20the%20dynamic%20CSS.%0A%20*%0A%20*%20@since%201.0%0A%20*/%0Aclass%20Fusion_Dynamic_CSS%20%7B%0A%0A%09/ HTTP/1.1" 200 619 "-" "Mozilla/5.0 (compatible; AhrefsBot/7.0; +http://ahrefs.com/robot/)" "monarcheventshtx.com"
51.222.253.1 - - [20/Feb/2023:20:10:24 -0800] "GET /wp-content-2/%3Crdf:li%3E0,%200%3C/rdf:li%3E%0D%0A%09%09%09%09%09%09%09%09%09%3Crdf:li%3E22,%2016%3C/rdf:li%3E%0D%0A%09%09%09%09%09%09%09%09%09%3Crdf:li%3E40,%2035%3C/rdf:li%3E%0D%0A%09%09%09%09%09%09%09%09%09%3Crdf:li%3E127,%20127%3C/rdf:li%3E%0D%0A%09%09%09%09%09%09%09%09%09%3Crdf:li%3E224,%20230%3C/rdf:li%3E%0D%0A%09%09%09%09%09%09%09%09%09%3Crdf:li%3E240,%20246%3C/rdf:li%3E%0D%0A%09%09%09%09%09%09%09%09%09%3Crdf:li%3E255,%20255%3C/rdf:li%3E%0D%0A%09%09%09%09%09%09%09%09%3C/rdf:Seq%3E%0D%0A%09%09%09%09%09%09%09%3C/crs:ToneCurvePV2012%3E%0D%0A%09%09%09%09%09%09%09%3Ccrs:ToneCurvePV2012Red%3E%0D%0A%09%09%09%09%09%09%09%09%3Crdf:Seq%3E%0D%0A%09%09%09%09%09%09%09%09%09%3Crdf:li%3E0,%200%3C/rdf:li%3E%0D%0A%09%09%09%09%09%09%09%09%09%3Crdf:li%3E255,%20255%3C/rdf:li%3E%0D%0A%09%09%09%09%09%09%09%09%3C/?C=N;O=D HTTP/1.1" 200 588 "-" "Mozilla/5.0 (compatible; AhrefsBot/7.0; +http://ahrefs.com/robot/)" "monarcheventshtx.com"
51.222.253.4 - - [20/Feb/2023:20:18:39 -0800] "GET /wp-content-2/%3C%3Fphp%0A/**%0A%20*%20Dynamic-CSS%20handler.%0A%20*%0A%20*%20@package%20Fusion-Library%0A%20*%20@since%201.0%0A%20*/?C=S;O=A HTTP/1.1" 200 435 "-" "Mozilla/5.0 (compatible; AhrefsBot/7.0; +http://ahrefs.com/robot/)" "monarcheventshtx.com"
51.222.253.12 - - [20/Feb/2023:20:27:01 -0800] "GET /wp-content-2/ToneCurvePV2012Blue%3E%0D%0A%09%09%09%09%09%09%09%09%3Crdf:Seq%3E%0D%0A%09%09%09%09%09%09%09%09%09%3Crdf:li%3E0,%200%3C/rdf:li%3E%0D%0A%09%09%09%09%09%09%09%09%09%3Crdf:li%3E255,%20255%3C/rdf:li%3E%0D%0A%09%09%09%09%09%09%09%09%3C/rdf:Seq%3E%0D%0A%09%09%09%09%09%09%09%3C/crs:ToneCurvePV2012Blue%3E%0D%0A%09%09%09%09%09%09%3C/rdf:Description%3E%0D%0A%09%09%09%09%09%3C/?C=S;O=A HTTP/1.1" 200 517 "-" "Mozilla/5.0 (compatible; AhrefsBot/7.0; +http://ahrefs.com/robot/)" "monarcheventshtx.com"
51.222.253.1 - - [20/Feb/2023:20:35:12 -0800] "GET /wp-content-2/%3C%3Fphp%0A/**%0A%20*%20Dynamic-CSS%20handler.%0A%20*%0A%20*%20@package%20Fusion-Library%0A%20*%20@since%201.0%0A%20*/?C=M;O=A HTTP/1.1" 200 435 "-" "Mozilla/5.0 (compatible; AhrefsBot/7.0; +http://ahrefs.com/robot/)" "monarcheventshtx.com"
51.222.253.18 - - [20/Feb/2023:20:43:31 -0800] "GET /wp-content-2/%3Crdf:Seq%3E%0D%0A%09%09%09%09%09%09%09%09%09%3Crdf:li%3E0,%200%3C/rdf:li%3E%0D%0A%09%09%09%09%09%09%09%09%09%3Crdf:li%3E22,%2016%3C/rdf:li%3E%0D%0A%09%09%09%09%09%09%09%09%09%3Crdf:li%3E40,%2035%3C/rdf:li%3E%0D%0A%09%09%09%09%09%09%09%09%09%3Crdf:li%3E127,%20127%3C/rdf:li%3E%0D%0A%09%09%09%09%09%09%09%09%09%3Crdf:li%3E224,%20230%3C/rdf:li%3E%0D%0A%09%09%09%09%09%09%09%09%09%3Crdf:li%3E240,%20246%3C/?C=S;O=D HTTP/1.1" 200 508 "-" "Mozilla/5.0 (compatible; AhrefsBot/7.0; +http://ahrefs.com/robot/)" "monarcheventshtx.com"
51.222.253.7 - - [20/Feb/2023:20:52:42 -0800] "GET /wp-content-2/%3C/?C=N;O=D HTTP/1.1" 200 528 "-" "Mozilla/5.0 (compatible; AhrefsBot/7.0; +http://ahrefs.com/robot/)" "monarcheventshtx.com"
51.222.253.3 - - [20/Feb/2023:21:02:17 -0800] "GET /wp-content-2/:li%3E0,%200%3C/rdf:li%3E%0D%0A%09%09%09%09%09%09%09%09%09%3Crdf:li%3E22,%2016%3C/rdf:li%3E%0D%0A%09%09%09%09%09%09%09%09%09%3Crdf:li%3E40,%2035%3C/rdf:li%3E%0D%0A%09%09%09%09%09%09%09%09%09%3Crdf:li%3E127,%20127%3C/rdf:li%3E%0D%0A%09%09%09%09%09%09%09%09%09%3Crdf:li%3E224,%20230%3C/rdf:li%3E%0D%0A%09%09%09%09%09%09%09%09%09%3Crdf:li%3E240,%20246%3C/rdf:li%3E%0D%0A%09%09%09%09%09%09%09%09%09%3Crdf:li%3E255,%20255%3C/rdf:li%3E%0D%0A%09%09%09%09%09%09%09%09%3C/rdf:Seq%3E%0D%0A%09%09%09%09%09%09%09%3C/crs:ToneCurvePV2012%3E%0D%0A%09%09%09%09%09%09%09%3Ccrs:ToneCurvePV2012Red%3E%0D%0A%09%09%09%09%09%09%09%09%3Crdf:Seq%3E%0D%0A%09%09%09%09%09%09%09%09%09%3Crdf:li%3E0,%200%3C/rdf:li%3E%0D%0A%09%09%09%09%09%09%09%09%09%3Crdf:li%3E255,%20255%3C/ HTTP/1.1" 200 586 "-" "Mozilla/5.0 (compatible; AhrefsBot/7.0; +http://ahrefs.com/robot/)" "monarcheventshtx.com"
62.182.80.34 - - [20/Feb/2023:21:02:47 -0800] "GET /components/com_creativecontactform/fileupload/index.php?file=trg3hf.jpg HTTP/1.1" 404 73 "-" "ALittle Client" "monarcheventshtx.com"
51.222.253.18 - - [20/Feb/2023:21:11:33 -0800] "GET /wp-content-2/:li%3E0,%200%3C/rdf:li%3E%0D%0A%09%09%09%09%09%09%09%09%09%3Crdf:li%3E22,%2016%3C/rdf:li%3E%0D%0A%09%09%09%09%09%09%09%09%09%3Crdf:li%3E40,%2035%3C/rdf:li%3E%0D%0A%09%09%09%09%09%09%09%09%09%3Crdf:li%3E127,%20127%3C/rdf:li%3E%0D%0A%09%09%09%09%09%09%09%09%09%3Crdf:li%3E224,%20230%3C/rdf:li%3E%0D%0A%09%09%09%09%09%09%09%09%09%3Crdf:li%3E240,%20246%3C/?C=S;O=A HTTP/1.1" 200 499 "-" "Mozilla/5.0 (compatible; AhrefsBot/7.0; +http://ahrefs.com/robot/)" "monarcheventshtx.com"
51.222.253.3 - - [20/Feb/2023:21:20:55 -0800] "GET /wp-content-2/iption%3E%0D%0A%09%09%09%09%09%3C/?C=N;O=A HTTP/1.1" 200 402 "-" "Mozilla/5.0 (compatible; AhrefsBot/7.0; +http://ahrefs.com/robot/)" "monarcheventshtx.com"
51.222.253.14 - - [20/Feb/2023:21:30:20 -0800] "GET /wp-content-2/:li%3E0,%200%3C/rdf:li%3E%0D%0A%09%09%09%09%09%09%09%09%09%3Crdf:li%3E22,%2016%3C/rdf:li%3E%0D%0A%09%09%09%09%09%09%09%09%09%3Crdf:li%3E40,%2035%3C/rdf:li%3E%0D%0A%09%09%09%09%09%09%09%09%09%3Crdf:li%3E127,%20127%3C/rdf:li%3E%0D%0A%09%09%09%09%09%09%09%09%09%3Crdf:li%3E224,%20230%3C/rdf:li%3E%0D%0A%09%09%09%09%09%09%09%09%09%3Crdf:li%3E240,%20246%3C/?C=D;O=A HTTP/1.1" 200 499 "-" "Mozilla/5.0 (compatible; AhrefsBot/7.0; +http://ahrefs.com/robot/)" "monarcheventshtx.com"
134.209.116.213 - - [20/Feb/2023:21:35:27 -0800] "GET /wp-includes/wlwmanifest.xml HTTP/1.1" 404 88 "-" "python-requests/2.27.1" "monarcheventshtx.com"
134.209.116.213 - - [20/Feb/2023:21:35:27 -0800] "GET /administrator/index.php HTTP/1.1" 404 88 "-" "python-requests/2.27.1" "monarcheventshtx.com"
134.209.116.213 - - [20/Feb/2023:21:35:28 -0800] "GET /view-source: HTTP/1.1" 404 88 "-" "python-requests/2.27.1" "monarcheventshtx.com"
134.209.116.213 - - [20/Feb/2023:21:35:29 -0800] "GET /misc/ajax.js HTTP/1.1" 404 88 "-" "python-requests/2.27.1" "monarcheventshtx.com"
51.222.253.9 - - [20/Feb/2023:21:39:11 -0800] "GET /wp-content-2/%3Crdf:li%3E255,%20255%3C/rdf:li%3E%0D%0A%09%09%09%09%09%09%09%09%3C/rdf:Seq%3E%0D%0A%09%09%09%09%09%09%09%3C/crs:ToneCurvePV2012Red%3E%0D%0A%09%09%09%09%09%09%09%3Ccrs:ToneCurvePV2012Green%3E%0D%0A%09%09%09%09%09%09%09%09%3Crdf:Seq%3E%0D%0A%09%09%09%09%09%09%09%09%09%3Crdf:li%3E0,%200%3C/?C=D;O=A HTTP/1.1" 200 441 "-" "Mozilla/5.0 (compatible; AhrefsBot/7.0; +http://ahrefs.com/robot/)" "monarcheventshtx.com"
51.222.253.15 - - [20/Feb/2023:21:48:14 -0800] "GET /wp-content-2/%3Crdf:li%3E255,%20255%3C/rdf:li%3E%0D%0A%09%09%09%09%09%09%09%09%3C/rdf:Seq%3E%0D%0A%09%09%09%09%09%09%09%3C/crs:ToneCurvePV2012Red%3E%0D%0A%09%09%09%09%09%09%09%3Ccrs:ToneCurvePV2012Green%3E%0D%0A%09%09%09%09%09%09%09%09%3Crdf:Seq%3E%0D%0A%09%09%09%09%09%09%09%09%09%3Crdf:li%3E0,%200%3C/?C=M;O=A HTTP/1.1" 200 441 "-" "Mozilla/5.0 (compatible; AhrefsBot/7.0; +http://ahrefs.com/robot/)" "monarcheventshtx.com"
51.222.253.18 - - [20/Feb/2023:21:57:45 -0800] "GET /wp-content-2/%3C%3Fphp%0A/**%0A%20*%20Dynamic-CSS%20handler.%0A%20*%0A%20*%20@package%20Fusion-Library%0A%20*%20@since%201.0%0A%20*/?C=D;O=A HTTP/1.1" 200 435 "-" "Mozilla/5.0 (compatible; AhrefsBot/7.0; +http://ahrefs.com/robot/)" "monarcheventshtx.com"
51.222.253.12 - - [20/Feb/2023:22:04:35 -0800] "GET /wp-content-2/%3C%3Fphp%0A/**%0A%20*%20Underscore.js%20template.%0A%20*%0A%20*%20@since%202.0%0A%20*%20@package%20fusion-library%0A%20*/?C=M;O=D HTTP/1.1" 200 709 "-" "Mozilla/5.0 (compatible; AhrefsBot/7.0; +http://ahrefs.com/robot/)" "monarcheventshtx.com"
51.222.253.9 - - [20/Feb/2023:22:11:22 -0800] "GET /wp-content-2/%3C%3Fphp%0A/**%0A%20*%20The%20main%20Fusion_Builder_Front%20class.%0A%20*%0A%20*%20@package%20fusion-builder%0A%20*/%0A%0Aif%20(%20!%20defined(%20'ABSPATH'%20)%20)%20%7B/?C=D;O=A HTTP/1.1" 200 463 "-" "Mozilla/5.0 (compatible; AhrefsBot/7.0; +http://ahrefs.com/robot/)" "monarcheventshtx.com"
51.222.253.11 - - [20/Feb/2023:22:18:40 -0800] "GET /wp-content-2/%3C%3Fphp%0A/**%0A%20*%20The%20main%20Fusion_Builder_Front%20class.%0A%20*%0A%20*%20@package%20fusion-builder%0A%20*/%0A%0Aif%20(%20!%20defined(%20'ABSPATH'%20)%20)%20%7B/?C=M;O=A HTTP/1.1" 200 463 "-" "Mozilla/5.0 (compatible; AhrefsBot/7.0; +http://ahrefs.com/robot/)" "monarcheventshtx.com"
51.222.253.19 - - [20/Feb/2023:22:25:50 -0800] "GET /wp-content-2/ePV2012Red%3E%0D%0A%09%09%09%09%09%09%09%09%3Crdf:Seq%3E%0D%0A%09%09%09%09%09%09%09%09%09%3Crdf:li%3E0,%200%3C/rdf:li%3E%0D%0A%09%09%09%09%09%09%09%09%09%3Crdf:li%3E255,%20255%3C/rdf:li%3E%0D%0A%09%09%09%09%09%09%09%09%3C/rdf:Seq%3E%0D%0A%09%09%09%09%09%09%09%3C/crs:ToneCurvePV2012Red%3E%0D%0A%09%09%09%09%09%09%09%3Ccrs:ToneCurvePV2012Green%3E%0D%0A%09%09%09%09%09%09%09%09%3Crdf:Seq%3E%0D%0A%09%09%09%09%09%09%09%09%09%3Crdf:li%3E0,%200%3C/rdf:li%3E%0D%0A%09%09%09%09%09%09%09%09%09%3Crdf:li%3E255,%20255%3C/ HTTP/1.1" 200 513 "-" "Mozilla/5.0 (compatible; AhrefsBot/7.0; +http://ahrefs.com/robot/)" "monarcheventshtx.com"
51.222.253.9 - - [20/Feb/2023:22:33:37 -0800] "GET /wp-content-2/012%3E%0D%0A%09%09%09%09%09%09%09%09%3Crdf:Seq%3E%0D%0A%09%09%09%09%09%09%09%09%09%3Crdf:li%3E0,%200%3C/?C=D;O=A HTTP/1.1" 200 429 "-" "Mozilla/5.0 (compatible; AhrefsBot/7.0; +http://ahrefs.com/robot/)" "monarcheventshtx.com"
51.222.253.1 - - [20/Feb/2023:22:40:42 -0800] "GET /wp-content-2/012%3E%0D%0A%09%09%09%09%09%09%09%09%3Crdf:Seq%3E%0D%0A%09%09%09%09%09%09%09%09%09%3Crdf:li%3E0,%200%3C/?C=M;O=A HTTP/1.1" 200 429 "-" "Mozilla/5.0 (compatible; AhrefsBot/7.0; +http://ahrefs.com/robot/)" "monarcheventshtx.com"
51.222.253.5 - - [20/Feb/2023:22:48:34 -0800] "GET /wp-content-2/%3C%3Fphp%0A/**%0A%20*%20Dynamic-CSS%20handler.%0A%20*%0A%20*%20@package%20Fusion-Library%0A%20*%20@since%201.0%0A%20*/%0A%0A/?C=N;O=D HTTP/1.1" 200 502 "-" "Mozilla/5.0 (compatible; AhrefsBot/7.0; +http://ahrefs.com/robot/)" "monarcheventshtx.com"
51.222.253.11 - - [20/Feb/2023:22:56:42 -0800] "GET /wp-content-2/%3Crdf:Seq%3E%0D%0A%09%09%09%09%09%09%09%09%09%3Crdf:li%3E0,%200%3C/rdf:li%3E%0D%0A%09%09%09%09%09%09%09%09%09%3Crdf:li%3E255,%20255%3C/rdf:li%3E%0D%0A%09%09%09%09%09%09%09%09%3C/rdf:Seq%3E%0D%0A%09%09%09%09%09%09%09%3C/crs:ToneCurvePV2012Red%3E%0D%0A%09%09%09%09%09%09%09%3Ccrs:ToneCurvePV2012Green%3E%0D%0A%09%09%09%09%09%09%09%09%3Crdf:Seq%3E%0D%0A%09%09%09%09%09%09%09%09%09%3Crdf:li%3E0,%200%3C/rdf:li%3E%0D%0A%09%09%09%09%09%09%09%09%09%3Crdf:li%3E255,%20255%3C/rdf:li%3E%0D%0A%09%09%09%09%09%09%09%09%3C/ HTTP/1.1" 200 515 "-" "Mozilla/5.0 (compatible; AhrefsBot/7.0; +http://ahrefs.com/robot/)" "monarcheventshtx.com"
54.36.149.72 - - [20/Feb/2023:23:04:30 -0800] "GET /robots.txt HTTP/1.1" 404 88 "-" "Mozilla/5.0 (compatible; AhrefsBot/7.0; +http://ahrefs.com/robot/)" "monarcheventshtx.com"
51.222.253.17 - - [20/Feb/2023:23:04:33 -0800] "GET /wp-content-2/%3C%3Fphp%0A/**%0A%20*%20The%20main%20Fusion_Builder_Front%20class.%0A%20*%0A%20*%20@package%20fusion-builder%0A%20*/%0A%0Aif%20(%20!%20defined(%20'ABSPATH'%20)%20)%20%7B/?C=N;O=D HTTP/1.1" 200 461 "-" "Mozilla/5.0 (compatible; AhrefsBot/7.0; +http://ahrefs.com/robot/)" "monarcheventshtx.com"
51.222.253.13 - - [20/Feb/2023:23:14:09 -0800] "GET /wp-content-2/%3C%3Fphp%0A/**%0A%20*%20Rollovers%20template.%0A%20*%0A%20*%20@package%20Fusion-Library%0A%20*%20@subpackage%20Templates%0A%20*/%0A%0A/?C=N;O=D HTTP/1.1" 200 612 "-" "Mozilla/5.0 (compatible; AhrefsBot/7.0; +http://ahrefs.com/robot/)" "monarcheventshtx.com"
52.78.214.113 - - [20/Feb/2023:23:17:27 -0800] "GET /robots.txt HTTP/1.1" 404 88 "-" "CheckMarkNetwork/1.0 (+http://www.checkmarknetwork.com/spider.html)" "monarcheventshtx.com"
52.78.214.113 - - [20/Feb/2023:23:17:30 -0800] "HEAD / HTTP/1.1" 200 - "-" "CheckMarkNetwork/1.0 (+http://www.checkmarknetwork.com/spider.html)" "monarcheventshtx.com"
52.78.214.113 - - [20/Feb/2023:23:17:36 -0800] "GET /robots.txt HTTP/1.1" 404 88 "-" "CheckMarkNetwork/1.0 (+http://www.checkmarknetwork.com/spider.html)" "monarcheventshtx.com"
52.78.214.113 - - [20/Feb/2023:23:17:37 -0800] "GET / HTTP/1.1" 200 351 "-" "CheckMarkNetwork/1.0 (+http://www.checkmarknetwork.com/spider.html)" "monarcheventshtx.com"
51.222.253.11 - - [20/Feb/2023:23:21:51 -0800] "GET /wp-content-2/%3Crdf:li%3E255,%20255%3C/rdf:li%3E%0D%0A%09%09%09%09%09%09%09%09%3C/rdf:Seq%3E%0D%0A%09%09%09%09%09%09%09%3C/crs:ToneCurvePV2012%3E%0D%0A%09%09%09%09%09%09%09%3Ccrs:ToneCurvePV2012Red%3E%0D%0A%09%09%09%09%09%09%09%09%3Crdf:Seq%3E%0D%0A%09%09%09%09%09%09%09%09%09%3Crdf:li%3E0,%200%3C/?C=M;O=A HTTP/1.1" 200 437 "-" "Mozilla/5.0 (compatible; AhrefsBot/7.0; +http://ahrefs.com/robot/)" "monarcheventshtx.com"
51.222.253.16 - - [20/Feb/2023:23:30:11 -0800] "GET /wp-content-2/012%3E%0D%0A%09%09%09%09%09%09%09%09%3Crdf:Seq%3E%0D%0A%09%09%09%09%09%09%09%09%09%3Crdf:li%3E0,%200%3C/?C=S;O=A HTTP/1.1" 200 429 "-" "Mozilla/5.0 (compatible; AhrefsBot/7.0; +http://ahrefs.com/robot/)" "monarcheventshtx.com"
95.108.213.128 - - [20/Feb/2023:23:34:40 -0800] "GET /robots.txt HTTP/1.1" 404 73 "-" "Mozilla/5.0 (compatible; YandexBot/3.0; +http://yandex.com/bots)" "monarcheventshtx.com"
95.108.213.106 - - [20/Feb/2023:23:34:41 -0800] "GET /wp-content-2/plugins/contact-form-7/includes/config-validator.php HTTP/1.1" 200 - "-" "Mozilla/5.0 (compatible; YandexBot/3.0; +http://yandex.com/bots)" "monarcheventshtx.com"
51.222.253.17 - - [20/Feb/2023:23:38:46 -0800] "GET /wp-content-2/:li%3E0,%200%3C/rdf:li%3E%0D%0A%09%09%09%09%09%09%09%09%09%3Crdf:li%3E22,%2016%3C/rdf:li%3E%0D%0A%09%09%09%09%09%09%09%09%09%3Crdf:li%3E40,%2035%3C/rdf:li%3E%0D%0A%09%09%09%09%09%09%09%09%09%3Crdf:li%3E127,%20127%3C/rdf:li%3E%0D%0A%09%09%09%09%09%09%09%09%09%3Crdf:li%3E224,%20230%3C/rdf:li%3E%0D%0A%09%09%09%09%09%09%09%09%09%3Crdf:li%3E240,%20246%3C/?C=M;O=A HTTP/1.1" 200 499 "-" "Mozilla/5.0 (compatible; AhrefsBot/7.0; +http://ahrefs.com/robot/)" "monarcheventshtx.com"
51.222.253.7 - - [20/Feb/2023:23:47:41 -0800] "GET /wp-content-2/%3Crdf:li%3E0,%200%3C/rdf:li%3E%0D%0A%09%09%09%09%09%09%09%09%09%3Crdf:li%3E22,%2016%3C/rdf:li%3E%0D%0A%09%09%09%09%09%09%09%09%09%3Crdf:li%3E40,%2035%3C/rdf:li%3E%0D%0A%09%09%09%09%09%09%09%09%09%3Crdf:li%3E127,%20127%3C/rdf:li%3E%0D%0A%09%09%09%09%09%09%09%09%09%3Crdf:li%3E224,%20230%3C/rdf:li%3E%0D%0A%09%09%09%09%09%09%09%09%09%3Crdf:li%3E240,%20246%3C/rdf:li%3E%0D%0A%09%09%09%09%09%09%09%09%09%3Crdf:li%3E255,%20255%3C/?C=D;O=D HTTP/1.1" 200 506 "-" "Mozilla/5.0 (compatible; AhrefsBot/7.0; +http://ahrefs.com/robot/)" "monarcheventshtx.com"
51.222.253.14 - - [20/Feb/2023:23:56:54 -0800] "GET /wp-content-2/%3Crdf:li%3E255,%20255%3C/rdf:li%3E%0D%0A%09%09%09%09%09%09%09%09%3C/rdf:Seq%3E%0D%0A%09%09%09%09%09%09%09%3C/crs:ToneCurvePV2012Red%3E%0D%0A%09%09%09%09%09%09%09%3Ccrs:ToneCurvePV2012Green%3E%0D%0A%09%09%09%09%09%09%09%09%3Crdf:Seq%3E%0D%0A%09%09%09%09%09%09%09%09%09%3Crdf:li%3E0,%200%3C/?C=S;O=A HTTP/1.1" 200 441 "-" "Mozilla/5.0 (compatible; AhrefsBot/7.0; +http://ahrefs.com/robot/)" "monarcheventshtx.com"
51.222.253.20 - - [21/Feb/2023:00:03:34 -0800] "GET /wp-content-2/%3Crdf:li%3E255,%20255%3C/rdf:li%3E%0D%0A%09%09%09%09%09%09%09%09%3C/rdf:Seq%3E%0D%0A%09%09%09%09%09%09%09%3C/crs:ToneCurvePV2012%3E%0D%0A%09%09%09%09%09%09%09%3Ccrs:ToneCurvePV2012Red%3E%0D%0A%09%09%09%09%09%09%09%09%3Crdf:Seq%3E%0D%0A%09%09%09%09%09%09%09%09%09%3Crdf:li%3E0,%200%3C/?C=S;O=A HTTP/1.1" 200 437 "-" "Mozilla/5.0 (compatible; AhrefsBot/7.0; +http://ahrefs.com/robot/)" "monarcheventshtx.com"
51.222.253.17 - - [21/Feb/2023:00:10:03 -0800] "GET /wp-content-2/%3Crdf:li%3E255,%20255%3C/rdf:li%3E%0D%0A%09%09%09%09%09%09%09%09%3C/rdf:Seq%3E%0D%0A%09%09%09%09%09%09%09%3C/crs:ToneCurvePV2012%3E%0D%0A%09%09%09%09%09%09%09%3Ccrs:ToneCurvePV2012Red%3E%0D%0A%09%09%09%09%09%09%09%09%3Crdf:Seq%3E%0D%0A%09%09%09%09%09%09%09%09%09%3Crdf:li%3E0,%200%3C/?C=D;O=A HTTP/1.1" 200 436 "-" "Mozilla/5.0 (compatible; AhrefsBot/7.0; +http://ahrefs.com/robot/)" "monarcheventshtx.com"
51.222.253.7 - - [21/Feb/2023:00:16:27 -0800] "GET /wp-content-2/%3C%3Fphp%0A/**%0A%20*%20Dynamic-CSS%20handler.%0A%20*%0A%20*%20@package%20Fusion-Library%0A%20*%20@since%201.0%0A%20*/?C=D;O=D HTTP/1.1" 200 433 "-" "Mozilla/5.0 (compatible; AhrefsBot/7.0; +http://ahrefs.com/robot/)" "monarcheventshtx.com"
185.196.220.26 - - [21/Feb/2023:00:21:50 -0800] "GET /wp-content/plugins/user-private-files/readme.txt HTTP/1.1" 404 88 "-" "Mozilla/5.0 (Macintosh; Intel Mac OS X 13_1) AppleWebKit/537.36 (KHTML, like Gecko) Chrome/109.0.0.0 Safari/537.36" "monarcheventshtx.com"
51.222.253.6 - - [21/Feb/2023:00:22:52 -0800] "GET /wp-content-2/%3Crdf:li%3E255,%20255%3C/rdf:li%3E%0D%0A%09%09%09%09%09%09%09%09%3C/rdf:Seq%3E%0D%0A%09%09%09%09%09%09%09%3C/crs:ToneCurvePV2012%3E%0D%0A%09%09%09%09%09%09%09%3Ccrs:ToneCurvePV2012Red%3E%0D%0A%09%09%09%09%09%09%09%09%3Crdf:Seq%3E%0D%0A%09%09%09%09%09%09%09%09%09%3Crdf:li%3E0,%200%3C/?C=N;O=A HTTP/1.1" 200 436 "-" "Mozilla/5.0 (compatible; AhrefsBot/7.0; +http://ahrefs.com/robot/)" "monarcheventshtx.com"
51.222.253.11 - - [21/Feb/2023:00:29:34 -0800] "GET /wp-content-2/%3C%3Fphp%0A/**%0A%20*%20Underscore.js%20template.%0A%20*%0A%20*%20@since%202.0%0A%20*%20@package%20fusion-library%0A%20*/%0A%0A%3F%3E%0A%3C%23%0Avar%20fieldId%20=%20'undefined'%20===%20typeof%20param.param_name%20%3F%20param.id%20:%20param.param_name,%0A%09choices%20=%20'undefined'%20===%20typeof%20param.param_name%20%3F%20param.choices%20:%20param.value,/ HTTP/1.1" 200 517 "-" "Mozilla/5.0 (compatible; AhrefsBot/7.0; +http://ahrefs.com/robot/)" "monarcheventshtx.com"
51.222.253.5 - - [21/Feb/2023:00:36:35 -0800] "GET /wp-content-2/%3C%3Fphp%0A%0A/**%0A%20*%20Describes%20a%20logger%20instance%0A%20*%0A%20*%20Based%20on%20PSR-3:%20http:/www.php-fig.org/psr/psr-3/?C=N;O=D HTTP/1.1" 200 436 "-" "Mozilla/5.0 (compatible; AhrefsBot/7.0; +http://ahrefs.com/robot/)" "monarcheventshtx.com"
51.222.253.18 - - [21/Feb/2023:00:43:58 -0800] "GET /wp-content-2/%3C/rdf:Description%3E%0D%0A%09%09%09%3C/crs:Look%3E%0D%0A%09%09%3C/rdf:Description%3E%0D%0A%09%3C/rdf:RDF%3E%0D%0A%3C/?C=N;O=A HTTP/1.1" 200 442 "-" "Mozilla/5.0 (compatible; AhrefsBot/7.0; +http://ahrefs.com/robot/)" "monarcheventshtx.com"
51.222.253.12 - - [21/Feb/2023:00:51:02 -0800] "GET /wp-content-2/:li%3E%0D%0A%09%09%09%09%09%09%09%09%09%3Crdf:li%3E255,%20255%3C/rdf:li%3E%0D%0A%09%09%09%09%09%09%09%09%3C/rdf:Seq%3E%0D%0A%09%09%09%09%09%09%09%3C/crs:ToneCurvePV2012Green%3E%0D%0A%09%09%09%09%09%09%09%3Ccrs:ToneCurvePV2012Blue%3E%0D%0A%09%09%09%09%09%09%09%09%3Crdf:Seq%3E%0D%0A%09%09%09%09%09%09%09%09%09%3Crdf:li%3E0,%200%3C/rdf:li%3E%0D%0A%09%09%09%09%09%09%09%09%09%3Crdf:li%3E255,%20255%3C/rdf:li%3E%0D%0A%09%09%09%09%09%09%09%09%3C/rdf:Seq%3E%0D%0A%09%09%09%09%09%09%09%3C/crs:ToneCurvePV2012Blue%3E%0D%0A%09%09%09%09%09%09%3C/?C=M;O=A HTTP/1.1" 200 534 "-" "Mozilla/5.0 (compatible; AhrefsBot/7.0; +http://ahrefs.com/robot/)" "monarcheventshtx.com"
51.222.253.3 - - [21/Feb/2023:00:58:28 -0800] "GET /wp-content-2/iption%3E%0D%0A%09%09%09%09%09%3C/?C=D;O=A HTTP/1.1" 200 402 "-" "Mozilla/5.0 (compatible; AhrefsBot/7.0; +http://ahrefs.com/robot/)" "monarcheventshtx.com"
51.222.253.18 - - [21/Feb/2023:01:05:00 -0800] "GET /wp-content-2/iption%3E%0D%0A%09%09%09%09%09%3C/?C=M;O=A HTTP/1.1" 200 402 "-" "Mozilla/5.0 (compatible; AhrefsBot/7.0; +http://ahrefs.com/robot/)" "monarcheventshtx.com"
51.222.253.4 - - [21/Feb/2023:01:11:21 -0800] "GET /wp-content-2/%3C%3Fphp%0A/**%0A%20*%20Admin-notices%20handler.%0A%20*%0A%20*%20@package%20Fusion-Library%0A%20*%20@since%201.5%0A%20*/%0A%0A/**%0A%20*%20Handle%20admin%20notices.%0A%20*%0A%20*%20@since%201.5%0A%20*/%0Aclass%20Fusion_Admin_Notice%20%7B%0A%0A%09/**%0A%09%20*%20Already%20added%20notices.%0A%09%20*%20We%20use%20the%20ID%20to%20differentiate%20them.%0A%09%20*%0A%09%20*%20@static%0A%09%20*%20@access%20private%0A%09%20*%20@since%201.5%0A%09%20*%20@var%20array%0A%09%20*/%0A%09private%20static%20$already_added_ids%20=%20%5B%5D%3B%0A%0A%09/**%0A%09%20*%20The%20ID.%0A%09%20*%0A%09%20*%20@access%20private%0A%09%20*%20@since%201.5%0A%09%20*%20@var%20string%0A%09%20*/%0A%09private%20$id%3B%0A%0A%09/**%0A%09%20*%20The%20screens%20in%20which%20we'll%20be%20showing%20the%20notice.%0A%09%20*%0A%09%20*%20@access%20private%0A%09%20*%20@since%201.5%0A%09%20*%20@var%20string%0A%09%20*/%0A%09private%20$screen%3B%0A%0A%09/**%0A%09%20*%20The%20content.%0A%09%20*%0A%09%20*%20@access%20private%0A%09%20*%20@since%201.5%0A%09%20*%20@var%20string%0A%09%20*/%0A%09private%20$content%20=%20''%3B%0A%0A%09/**%0A%09%20*%20Whether%20we%20want%20to%20show%20the%20notice%20ot%20not.%0A%09%20*%0A%09%20*%20@access%20private%0A%09%20*%20@since%201.5%0A%09%20*%20@var%20bool/?C=M;O=D HTTP/1.1" 200 856 "-" "Mozilla/5.0 (compatible; AhrefsBot/7.0; +http://ahrefs.com/robot/)" "monarcheventshtx.com"
51.222.253.18 - - [21/Feb/2023:01:18:06 -0800] "GET /wp-content-2/iption%3E%0D%0A%09%09%09%09%09%3C/?C=S;O=A HTTP/1.1" 200 402 "-" "Mozilla/5.0 (compatible; AhrefsBot/7.0; +http://ahrefs.com/robot/)" "monarcheventshtx.com"
51.222.253.4 - - [21/Feb/2023:01:25:11 -0800] "GET /wp-content-2/:li%3E%0D%0A%09%09%09%09%09%09%09%09%09%3Crdf:li%3E255,%20255%3C/rdf:li%3E%0D%0A%09%09%09%09%09%09%09%09%3C/rdf:Seq%3E%0D%0A%09%09%09%09%09%09%09%3C/crs:ToneCurvePV2012Green%3E%0D%0A%09%09%09%09%09%09%09%3Ccrs:ToneCurvePV2012Blue%3E%0D%0A%09%09%09%09%09%09%09%09%3Crdf:Seq%3E%0D%0A%09%09%09%09%09%09%09%09%09%3Crdf:li%3E0,%200%3C/rdf:li%3E%0D%0A%09%09%09%09%09%09%09%09%09%3Crdf:li%3E255,%20255%3C/rdf:li%3E%0D%0A%09%09%09%09%09%09%09%09%3C/rdf:Seq%3E%0D%0A%09%09%09%09%09%09%09%3C/crs:ToneCurvePV2012Blue%3E%0D%0A%09%09%09%09%09%09%3C/?C=S;O=A HTTP/1.1" 200 534 "-" "Mozilla/5.0 (compatible; AhrefsBot/7.0; +http://ahrefs.com/robot/)" "monarcheventshtx.com"
51.222.253.1 - - [21/Feb/2023:01:32:06 -0800] "GET /wp-content-2/%3C%3Fphp%0A/**%0A%20*%20Underscore.js%20template%0A%20*%0A%20*%20@package%20fusion-builder%0A%20*%20@since%202.1%0A%20*/%0A%0A%3F%3E%0A%3Cscript%20type=%22text/?C=M;O=A HTTP/1.1" 200 765 "-" "Mozilla/5.0 (compatible; AhrefsBot/7.0; +http://ahrefs.com/robot/)" "monarcheventshtx.com"
51.222.253.11 - - [21/Feb/2023:01:37:54 -0800] "GET /wp-content-2/k%3E%0D%0A%09%09%3C/rdf:Description%3E%0D%0A%09%3C/rdf:RDF%3E%0D%0A%3C/?C=M;O=A HTTP/1.1" 200 424 "-" "Mozilla/5.0 (compatible; AhrefsBot/7.0; +http://ahrefs.com/robot/)" "monarcheventshtx.com"
51.222.253.4 - - [21/Feb/2023:01:44:09 -0800] "GET /wp-content-2/k%3E%0D%0A%09%09%3C/rdf:Description%3E%0D%0A%09%3C/rdf:RDF%3E%0D%0A%3C/?C=S;O=A HTTP/1.1" 200 424 "-" "Mozilla/5.0 (compatible; AhrefsBot/7.0; +http://ahrefs.com/robot/)" "monarcheventshtx.com"
51.222.253.12 - - [21/Feb/2023:01:52:23 -0800] "GET /wp-content-2/%3C%3Fphp%0A/**%0A%20*%20The%20template%20for%20the%20header%20sticky%20bar.%0A%20*%20Override%20this%20template%20by%20specifying%20the%20path%20where%20it%20is%20stored%20(templates_path)%20in%20your%20FusionRedux%20config.%0A%20*%0A%20*%20@author%20%20%20%20%20%20%20%20FusionRedux%20Framework%0A%20*%20@package%20%20%20%20%20%20%20FusionReduxFramework/Templates%0A%20*%20@version:%20%20%20%20%20%203.5.7.8%0A%20*/%0A%0A/?C=M;O=A HTTP/1.1" 200 614 "-" "Mozilla/5.0 (compatible; AhrefsBot/7.0; +http://ahrefs.com/robot/)" "monarcheventshtx.com"
51.222.253.1 - - [21/Feb/2023:02:00:17 -0800] "GET /wp-content-2/%3Crdf:li%3E255,%20255%3C/rdf:li%3E%0D%0A%09%09%09%09%09%09%09%09%3C/rdf:Seq%3E%0D%0A%09%09%09%09%09%09%09%3C/crs:ToneCurvePV2012Blue%3E%0D%0A%09%09%09%09%09%09%3C/rdf:Description%3E%0D%0A%09%09%09%09%09%3C/crs:Parameters%3E%0D%0A%09%09%09%09%3C/rdf:Description%3E%0D%0A%09%09%09%3C/crs:Look%3E%0D%0A%09%09%3C/rdf:Description%3E%0D%0A%09%3C/ HTTP/1.1" 200 528 "-" "Mozilla/5.0 (compatible; AhrefsBot/7.0; +http://ahrefs.com/robot/)" "monarcheventshtx.com"
51.222.253.10 - - [21/Feb/2023:02:07:39 -0800] "GET /wp-content-2/i%3E%0D%0A%09%09%09%09%09%09%09%09%09%3Crdf:li%3E40,%2035%3C/rdf:li%3E%0D%0A%09%09%09%09%09%09%09%09%09%3Crdf:li%3E127,%20127%3C/rdf:li%3E%0D%0A%09%09%09%09%09%09%09%09%09%3Crdf:li%3E224,%20230%3C/rdf:li%3E%0D%0A%09%09%09%09%09%09%09%09%09%3Crdf:li%3E240,%20246%3C/rdf:li%3E%0D%0A%09%09%09%09%09%09%09%09%09%3Crdf:li%3E255,%20255%3C/rdf:li%3E%0D%0A%09%09%09%09%09%09%09%09%3C/rdf:Seq%3E%0D%0A%09%09%09%09%09%09%09%3C/crs:ToneCurvePV2012%3E%0D%0A%09%09%09%09%09%09%09%3Ccrs:ToneCurvePV2012Red%3E%0D%0A%09%09%09%09%09%09%09%09%3Crdf:Seq%3E%0D%0A%09%09%09%09%09%09%09%09%09%3Crdf:li%3E0,%200%3C/ HTTP/1.1" 200 552 "-" "Mozilla/5.0 (compatible; AhrefsBot/7.0; +http://ahrefs.com/robot/)" "monarcheventshtx.com"
51.222.253.4 - - [21/Feb/2023:02:13:51 -0800] "GET /wp-content-2/k%3E%0D%0A%09%09%3C/rdf:Description%3E%0D%0A%09%3C/rdf:RDF%3E%0D%0A%3C/?C=D;O=A HTTP/1.1" 200 424 "-" "Mozilla/5.0 (compatible; AhrefsBot/7.0; +http://ahrefs.com/robot/)" "monarcheventshtx.com"
51.222.253.5 - - [21/Feb/2023:02:19:38 -0800] "GET /wp-content-2/:li%3E%0D%0A%09%09%09%09%09%09%09%09%09%3Crdf:li%3E255,%20255%3C/rdf:li%3E%0D%0A%09%09%09%09%09%09%09%09%3C/rdf:Seq%3E%0D%0A%09%09%09%09%09%09%09%3C/crs:ToneCurvePV2012Green%3E%0D%0A%09%09%09%09%09%09%09%3Ccrs:ToneCurvePV2012Blue%3E%0D%0A%09%09%09%09%09%09%09%09%3Crdf:Seq%3E%0D%0A%09%09%09%09%09%09%09%09%09%3Crdf:li%3E0,%200%3C/rdf:li%3E%0D%0A%09%09%09%09%09%09%09%09%09%3Crdf:li%3E255,%20255%3C/rdf:li%3E%0D%0A%09%09%09%09%09%09%09%09%3C/rdf:Seq%3E%0D%0A%09%09%09%09%09%09%09%3C/crs:ToneCurvePV2012Blue%3E%0D%0A%09%09%09%09%09%09%3C/?C=D;O=A HTTP/1.1" 200 533 "-" "Mozilla/5.0 (compatible; AhrefsBot/7.0; +http://ahrefs.com/robot/)" "monarcheventshtx.com"
51.222.253.17 - - [21/Feb/2023:02:25:40 -0800] "GET /wp-content-2/%3C%3Fphp%0A/**%0A%20*%20Underscore.js%20template%0A%20*%0A%20*%20@package%20fusion-builder%0A%20*%20@since%202.1%0A%20*/%0A%0A%3F%3E%0A%3Cscript%20type=%22text/?C=D;O=A HTTP/1.1" 200 775 "-" "Mozilla/5.0 (compatible; AhrefsBot/7.0; +http://ahrefs.com/robot/)" "monarcheventshtx.com"
51.222.253.6 - - [21/Feb/2023:02:31:44 -0800] "GET /wp-content-2/%3C%3Fphp%0A/**%0A%20*%20Underscore.js%20template%0A%20*%0A%20*%20@package%20fusion-builder%0A%20*%20@since%202.1%0A%20*/%0A%0A%3F%3E%0A%3Cscript%20type=%22text/?C=S;O=A HTTP/1.1" 200 775 "-" "Mozilla/5.0 (compatible; AhrefsBot/7.0; +http://ahrefs.com/robot/)" "monarcheventshtx.com"
51.222.253.12 - - [21/Feb/2023:02:37:18 -0800] "GET /wp-content-2/k%3E%0D%0A%09%09%3C/rdf:Description%3E%0D%0A%09%3C/rdf:RDF%3E%0D%0A%3C/?C=N;O=A HTTP/1.1" 200 424 "-" "Mozilla/5.0 (compatible; AhrefsBot/7.0; +http://ahrefs.com/robot/)" "monarcheventshtx.com"
51.222.253.16 - - [21/Feb/2023:02:42:58 -0800] "GET /wp-content-2/%3C/rdf:Description%3E%0D%0A%09%09%09%3C/crs:Look%3E%0D%0A%09%09%3C/rdf:Description%3E%0D%0A%09%3C/rdf:RDF%3E%0D%0A%3C/x:xmpmeta%3E/ HTTP/1.1" 200 406 "-" "Mozilla/5.0 (compatible; AhrefsBot/7.0; +http://ahrefs.com/robot/)" "monarcheventshtx.com"
51.222.253.16 - - [21/Feb/2023:02:49:39 -0800] "GET /wp-content-2/%3C/rdf:Description%3E%0D%0A%09%09%09%3C/crs:Look%3E%0D%0A%09%09%3C/rdf:Description%3E%0D%0A%09%3C/rdf:RDF%3E%0D%0A%3C/?C=D;O=A HTTP/1.1" 200 442 "-" "Mozilla/5.0 (compatible; AhrefsBot/7.0; +http://ahrefs.com/robot/)" "monarcheventshtx.com"
51.222.253.2 - - [21/Feb/2023:02:55:42 -0800] "GET /wp-content-2/:li%3E0,%200%3C/rdf:li%3E%0D%0A%09%09%09%09%09%09%09%09%09%3Crdf:li%3E22,%2016%3C/rdf:li%3E%0D%0A%09%09%09%09%09%09%09%09%09%3Crdf:li%3E40,%2035%3C/rdf:li%3E%0D%0A%09%09%09%09%09%09%09%09%09%3Crdf:li%3E127,%20127%3C/rdf:li%3E%0D%0A%09%09%09%09%09%09%09%09%09%3Crdf:li%3E224,%20230%3C/rdf:li%3E%0D%0A%09%09%09%09%09%09%09%09%09%3Crdf:li%3E240,%20246%3C/rdf:li%3E%0D%0A%09%09%09%09%09%09%09%09%09%3Crdf:li%3E255,%20255%3C/rdf:li%3E%0D%0A%09%09%09%09%09%09%09%09%3C/rdf:Seq%3E%0D%0A%09%09%09%09%09%09%09%3C/crs:ToneCurvePV2012%3E%0D%0A%09%09%09%09%09%09%09%3Ccrs:ToneCurvePV2012Red%3E%0D%0A%09%09%09%09%09%09%09%09%3Crdf:Seq%3E%0D%0A%09%09%09%09%09%09%09%09%09%3Crdf:li%3E0,%200%3C/rdf:li%3E%0D%0A%09%09%09%09%09%09%09%09%09%3Crdf:li%3E255,%20255%3C/rdf:li%3E%0D%0A%09%09%09%09%09%09%09%09%3C/ HTTP/1.1" 200 588 "-" "Mozilla/5.0 (compatible; AhrefsBot/7.0; +http://ahrefs.com/robot/)" "monarcheventshtx.com"
51.222.253.9 - - [21/Feb/2023:03:02:23 -0800] "GET /wp-content-2/%3C%3Fphp%0A/**%0A%20*%20Underscore.js%20template%0A%20*%0A%20*%20@package%20fusion-builder%0A%20*%20@since%202.1%0A%20*/?C=D;O=A HTTP/1.1" 200 472 "-" "Mozilla/5.0 (compatible; AhrefsBot/7.0; +http://ahrefs.com/robot/)" "monarcheventshtx.com"
51.222.253.9 - - [21/Feb/2023:03:09:10 -0800] "GET /wp-content-2/%3C%3Fphp%0A/**%0A%20*%20Underscore.js%20template%0A%20*%0A%20*%20@package%20fusion-builder%0A%20*%20@since%202.1%0A%20*/?C=S;O=A HTTP/1.1" 200 474 "-" "Mozilla/5.0 (compatible; AhrefsBot/7.0; +http://ahrefs.com/robot/)" "monarcheventshtx.com"
51.222.253.17 - - [21/Feb/2023:03:15:15 -0800] "GET /wp-content-2/%3C%3Fphp%0A/**%0A%20*%20Dynamic-CSS%20handler.%0A%20*%0A%20*%20@package%20Fusion-Library%0A%20*%20@since%201.0%0A%20*/%0A%0A/?C=D;O=A HTTP/1.1" 200 504 "-" "Mozilla/5.0 (compatible; AhrefsBot/7.0; +http://ahrefs.com/robot/)" "monarcheventshtx.com"
51.222.253.19 - - [21/Feb/2023:03:22:17 -0800] "GET /wp-content-2/%3C%3Fphp%0A/**%0A%20*%20Dynamic-CSS%20handler.%0A%20*%0A%20*%20@package%20Fusion-Library%0A%20*%20@since%201.0%0A%20*/%0A%0A/?C=S;O=A HTTP/1.1" 200 505 "-" "Mozilla/5.0 (compatible; AhrefsBot/7.0; +http://ahrefs.com/robot/)" "monarcheventshtx.com"
51.222.253.10 - - [21/Feb/2023:03:28:44 -0800] "GET /wp-content-2/%3C%3Fphp%0A/**%0A%20*%20Dynamic-CSS%20handler.%0A%20*%0A%20*%20@package%20Fusion-Library%0A%20*%20@since%201.0%0A%20*/%0A%0A/?C=M;O=A HTTP/1.1" 200 504 "-" "Mozilla/5.0 (compatible; AhrefsBot/7.0; +http://ahrefs.com/robot/)" "monarcheventshtx.com"
87.250.224.216 - - [21/Feb/2023:03:34:40 -0800] "GET /robots.txt HTTP/1.1" 404 73 "-" "Mozilla/5.0 (compatible; YandexBot/3.0; +http://yandex.com/bots)" "monarcheventshtx.com"
51.222.253.9 - - [21/Feb/2023:03:35:28 -0800] "GET /wp-content-2/%3Crdf:li%3E0,%200%3C/rdf:li%3E%0D%0A%09%09%09%09%09%09%09%09%09%3Crdf:li%3E22,%2016%3C/rdf:li%3E%0D%0A%09%09%09%09%09%09%09%09%09%3Crdf:li%3E40,%2035%3C/rdf:li%3E%0D%0A%09%09%09%09%09%09%09%09%09%3Crdf:li%3E127,%20127%3C/rdf:li%3E%0D%0A%09%09%09%09%09%09%09%09%09%3Crdf:li%3E224,%20230%3C/rdf:li%3E%0D%0A%09%09%09%09%09%09%09%09%09%3Crdf:li%3E240,%20246%3C/rdf:li%3E%0D%0A%09%09%09%09%09%09%09%09%09%3Crdf:li%3E255,%20255%3C/rdf:li%3E%0D%0A%09%09%09%09%09%09%09%09%3C/rdf:Seq%3E%0D%0A%09%09%09%09%09%09%09%3C/crs:ToneCurvePV2012%3E%0D%0A%09%09%09%09%09%09%09%3Ccrs:ToneCurvePV2012Red%3E%0D%0A%09%09%09%09%09%09%09%09%3Crdf:Seq%3E%0D%0A%09%09%09%09%09%09%09%09%09%3Crdf:li%3E0,%200%3C/rdf:li%3E%0D%0A%09%09%09%09%09%09%09%09%09%3Crdf:li%3E255,%20255%3C/rdf:li%3E%0D%0A%09%09%09%09%09%09%09%09%3C/rdf:Seq%3E%0D%0A%09%09%09%09%09%09%09%3C/crs:ToneCurvePV2012Red%3E%0D%0A%09%09%09%09%09%09%09%3Ccrs:ToneCurvePV2012Green%3E%0D%0A%09%09%09%09%09%09%09%09%3Crdf:Seq%3E%0D%0A%09%09%09%09%09%09%09%09%09%3Crdf:li%3E0,%200%3C/?C=N;O=A HTTP/1.1" 200 611 "-" "Mozilla/5.0 (compatible; AhrefsBot/7.0; +http://ahrefs.com/robot/)" "monarcheventshtx.com"
51.222.253.12 - - [21/Feb/2023:03:41:23 -0800] "GET /wp-content-2/%3E%0D%0A%09%09%09%09%09%09%09%3Ccrs:ToneCurvePV2012Green%3E%0D%0A%09%09%09%09%09%09%09%09%3Crdf:Seq%3E%0D%0A%09%09%09%09%09%09%09%09%09%3Crdf:li%3E0,%200%3C/rdf:li%3E%0D%0A%09%09%09%09%09%09%09%09%09%3Crdf:li%3E255,%20255%3C/rdf:li%3E%0D%0A%09%09%09%09%09%09%09%09%3C/rdf:Seq%3E%0D%0A%09%09%09%09%09%09%09%3C/crs:ToneCurvePV2012Green%3E%0D%0A%09%09%09%09%09%09%09%3Ccrs:ToneCurvePV2012Blue%3E%0D%0A%09%09%09%09%09%09%09%09%3Crdf:Seq%3E%0D%0A%09%09%09%09%09%09%09%09%09%3Crdf:li%3E0,%200%3C/rdf:li%3E%0D%0A%09%09%09%09%09%09%09%09%09%3Crdf:li%3E255,%20255%3C/rdf:li%3E%0D%0A%09%09%09%09%09%09%09%09%3C/rdf:Seq%3E%0D%0A%09%09%09%09%09%09%09%3C/crs:ToneCurvePV2012Blue%3E%0D%0A%09%09%09%09%09%09%3C/rdf:Description%3E%0D%0A%09%09%09%09%09%3C/?C=M;O=D HTTP/1.1" 200 549 "-" "Mozilla/5.0 (compatible; AhrefsBot/7.0; +http://ahrefs.com/robot/)" "monarcheventshtx.com"
51.222.253.19 - - [21/Feb/2023:03:48:42 -0800] "GET /wp-content-2/%3C%3Fphp%0A/**%0A%20*%20Icon%20picker%20methods.%0A%20*%0A%20*%20@package%20Fusion-Library%0A%20*%20@since%201.0.0%0A%20*/%0A%0A/**%0A%20*%20Icons%20handler.%0A%20*%0A%20*%20@package%20Fusion-Library%0A%20*%20@since%201.0.0%0A%20*/%0Aclass%20Fusion_Icon%20%7B%0A%09/**%0A%09%20*%20Associative%20Array%20of%20Icon%20Data.%0A%09%20*%0A%09%20*%20@access%20private%0A%09%20*%20@since%201.0%0A%09%20*%20@var%20array%0A%09%20*/%0A%09private%20$data%20=%20%5B%5D%3B%0A%0A%09/**%0A%09%20*%20Iterator.%0A%09%20*%0A%09%20*%20@access%20private%0A%09%20*%20@since%201.0%0A%09%20*%20@var%20object%20Iterator%0A%09%20*/%0A%09private%20$iterator%3B%0A%0A%09/**%0A%09%20*%20Constructor.%0A%09%20*%0A%09%20*%20@param%20object%20$iterator%20The%20iterator%20class.%0A%09%20*%20@param%20string%20$class%20%20%20%20Icon%20css%20class.%0A%09%20*%20@param%20string%20$unicode%20%20Unicode%20character%20reference.%0A%09%20*%20@param%20string%20$subset%20%20%20The%20FA%20subset.%0A%09%20*/ HTTP/1.1" 200 847 "-" "Mozilla/5.0 (compatible; AhrefsBot/7.0; +http://ahrefs.com/robot/)" "monarcheventshtx.com"
51.222.253.18 - - [21/Feb/2023:03:55:39 -0800] "GET /wp-content-2/ePV2012Red%3E%0D%0A%09%09%09%09%09%09%09%09%3Crdf:Seq%3E%0D%0A%09%09%09%09%09%09%09%09%09%3Crdf:li%3E0,%200%3C/rdf:li%3E%0D%0A%09%09%09%09%09%09%09%09%09%3Crdf:li%3E255,%20255%3C/?C=M;O=A HTTP/1.1" 200 453 "-" "Mozilla/5.0 (compatible; AhrefsBot/7.0; +http://ahrefs.com/robot/)" "monarcheventshtx.com"
51.222.253.16 - - [21/Feb/2023:04:03:38 -0800] "GET /wp-content-2/%3C%3Fphp%0A/**%0A%20*%20A%20collection%20of%20callback%20methods.%0A%20*%0A%20*%20@package%20Fusion-Library%0A%20*%20@since%202.0%0A%20*/%0A%0A/**%0A%20*%20A%20collection%20of%20sanitization%20methods.%0A%20*/%0Aclass%20Fusion_Panel_Callbacks%20%7B%0A%0A%09/**%0A%09%20*%20Sets%20alpha%20to%20color.%0A%09%20*%0A%09%20*%20@static%0A%09%20*%20@access%20public%0A%09%20*%20@since%202.0%0A%09%20*%20@param%20string%20$color%20The%20color.%0A%09%20*%20@return%20string%0A%09%20*/%0A%09public%20static%20function%20sanitize_color(%20$color%20)%20%7B%0A%09%09$ob/?C=M;O=A HTTP/1.1" 200 671 "-" "Mozilla/5.0 (compatible; AhrefsBot/7.0; +http://ahrefs.com/robot/)" "monarcheventshtx.com"
51.222.253.10 - - [21/Feb/2023:04:11:38 -0800] "GET /wp-content-2/%3C/?C=M;O=D HTTP/1.1" 200 524 "-" "Mozilla/5.0 (compatible; AhrefsBot/7.0; +http://ahrefs.com/robot/)" "monarcheventshtx.com"
51.222.253.1 - - [21/Feb/2023:04:19:50 -0800] "GET /wp-content-2/%3C/rdf:Description%3E%0D%0A%09%09%09%3C/crs:Look%3E%0D%0A%09%09%3C/rdf:Description%3E%0D%0A%09%3C/rdf:RDF%3E%0D%0A%3C/?C=M;O=A HTTP/1.1" 200 442 "-" "Mozilla/5.0 (compatible; AhrefsBot/7.0; +http://ahrefs.com/robot/)" "monarcheventshtx.com"
62.182.80.34 - - [21/Feb/2023:04:21:29 -0800] "GET /components/com_creativecontactform/fileupload/index.php?file=trg3hf.jpg HTTP/1.1" 404 73 "-" "ALittle Client" "monarcheventshtx.com"
87.250.224.216 - - [21/Feb/2023:04:22:03 -0800] "GET /wp-content-2/%3C/?C=M;O=A HTTP/1.1" 200 534 "-" "Mozilla/5.0 (compatible; YandexBot/3.0; +http://yandex.com/bots)" "monarcheventshtx.com"
51.222.253.5 - - [21/Feb/2023:04:25:34 -0800] "GET /wp-content-2/%3C/rdf:Description%3E%0D%0A%09%09%09%3C/crs:Look%3E%0D%0A%09%09%3C/rdf:Description%3E%0D%0A%09%3C/rdf:RDF%3E%0D%0A%3C/?C=S;O=A HTTP/1.1" 200 442 "-" "Mozilla/5.0 (compatible; AhrefsBot/7.0; +http://ahrefs.com/robot/)" "monarcheventshtx.com"
51.222.253.3 - - [21/Feb/2023:04:31:12 -0800] "GET /wp-content-2/%3C/rdf:Description%3E%0D%0A%09%09%09%3C/crs:Look%3E%0D%0A%09%09%3C/rdf:Description%3E%0D%0A%09%3C/rdf:RDF%3E%0D%0A%3C/x:xmpmeta%3E/?C=D;O=A HTTP/1.1" 200 406 "-" "Mozilla/5.0 (compatible; AhrefsBot/7.0; +http://ahrefs.com/robot/)" "monarcheventshtx.com"
